 g(y) = -y - 6. Suppose 75 = -3*a + 96. Let u(w) = -7 + 24 - a - w. Let q be u(10). Give g(q).
-6
Let w = -56 - -106. Let y = w + 32. Let s = y - 85. Let k(r) = 3*r**2 + 4*r + 3. Calculate k(s).
18
Let u(o) be the first derivative of 63*o**2/2 - 5*o + 6534. Calculate u(1).
58
Suppose -2*l - 3*l - m = -34, m + 8 = l. Let u(s) = s + 5 - l*s - 1 - 1. Let f(h) = 2*h**3 - 2*h**2 + 7*h - 3. Let v be f(1). Give u(v).
-21
Suppose 9*g - 643 = 36*g - 184. Let a(d) = -d**3 - 9*d**2 + 137*d + 15. Calculate a(g).
-2
Let b(x) = 35*x**2 + 7*x - 6. Let p(k) = 47*k**2 + 7*k - 6. Let l(o) = -4*b(o) + 3*p(o). Let q = 26 - 22. What is l(q)?
-6
Let n(s) = -17*s + 2. Suppose 3*j = 64 + 2. Suppose -15*m + j = 7*m. What is n(m)?
-15
Let i(s) be the second derivative of -7*s**4/12 - 15*s**3/2 - 22*s**2 + 1154*s. Calculate i(-1).
-6
Let j(t) = t**2 - t - 1. Let k be j(-1). Let g(d) = 6*d - 8*d - 7*d**2 + 7*d**2 + 5*d**3 + 1. Calculate g(k).
4
Suppose 5*v - 5*d + 25 = 0, 5*d - 29 = 6. Let l(h) be the third derivative of -h**5/12 + h**4/24 + h**3/3 - h**2. Determine l(v).
-16
Let l(w) = -w**2 - 8*w + 4. Let i be l(-14). Let s be i/(-12) + 6/18. Let u(c) be the first derivative of -3*c**2/2 + 3*c + 1. Calculate u(s).
-18
Let l(i) = -15*i + 40. Let d(h) = -8*h + 22. Let t(b) = -11*d(b) + 6*l(b). Let v(x) = -x**2 + 11*x + 2. Let w be v(10). Suppose 3*o = 9*o + w. What is t(o)?
2
Let s(a) = 4*a + 122. Let i(j) = 611*j + 3638. Let b be i(-6). Determine s(b).
10
Let x be 130/39 + 28/(-12). Let g(p) = 169*p + 167*p - 337*p + x + p**3. Give g(0).
1
Let s(l) = -18 - 87*l**2 - 86*l**2 + 255*l**2 + 11*l - 83*l**2. What is s(3)?
6
Suppose -10 = -12*k + 86. Let l(s) be the first derivative of s**5/120 - s**4/6 - 2*s**3 - 6. Let b(x) be the third derivative of l(x). Give b(k).
4
Let u(z) = -z + 188. Let m(g) = -319. Let f(r) = -3*m(r) - 5*u(r). Give f(-20).
-83
Let r = -597 - -590. Let p(c) be the third derivative of 0*c + 0 + 2*c**2 + 1/3*c**3 - 1/60*c**5 - 1/3*c**4. Give p(r).
9
Let k be (-4 + -3 - -3) + 7. Suppose 2*m = 4*y + 24, -k*y - 18 = -5*m + 7*m. Let h be 20/(-5)*(-2 + (-15)/y). Let l(v) = v**2 + v + 2. Calculate l(h).
4
Let v(c) = 119*c**2 - 118*c**2 - 23*c + 15 + 23. Give v(21).
-4
Let p(k) be the second derivative of -k**5/20 - k**4/4 + k**3/6 + k**2/2 - k. Let n(u) = 6*u + 81. Let b be n(-4). Suppose -32*l - b = 7. What is p(l)?
-5
Let n(c) = 223*c - 10 + 224*c - 452*c + 3. Determine n(-3).
8
Let n = 81913/6 + -13652. Let y(f) be the second derivative of n*f**3 - f**2 + 0*f**4 + 0 - 1/20*f**5 + 14*f. Determine y(0).
-2
Let x(i) = 9*i + 18*i + i**2 + 48 - 12*i. Let b be x(-10). Let s(g) = -3*g**2 + 2 - 3*g - g + 3*g. Give s(b).
-8
Let r(x) = -x**2 + 5*x + 27. Let z be r(-3). Let u(b) = 7*b**z - 2*b + 8 - 5*b**2 - 6*b - 6*b**3. Determine u(6).
-4
Let a(d) = -1 - 47*d + 43*d - 6. Suppose -b - 39*j + 36*j = 9, -j + 13 = -5*b. Calculate a(b).
5
Suppose -31 = -3*f - 5*l, 6*f - 1 = 3*f + l. Let o(z) = 5*z + z**2 + 2 + 1 - 2*z**f + 3. Give o(6).
0
Let m(d) be the third derivative of 5*d**4/12 - 19*d**3/6 + 1922*d**2. Calculate m(1).
-9
Let w(x) = 2*x**3 + 11*x**2 + 7*x + 85. Let j = 1085 - 1091. Give w(j).
7
Let q(l) = -1115443*l**3 + l**2 + 1115444*l**3 + 3*l + 11 + 4*l**2. Determine q(-5).
-4
Let j(w) = -7*w - 4. Let g(f) be the second derivative of -23*f**3/6 + 3*f**2/2 - 2*f + 108. Let c be g(0). Determine j(c).
-25
Let p(v) = v**3 + 2*v**2 - 2*v**3 + 2*v**2 - 5*v + 4. Suppose -88 = -4*k - 4*z, -4*z = -0 - 8. Suppose k*l - 19*l - 3 = 0. Calculate p(l).
-2
Let l(c) = -c**3 + 7*c**2 + 17*c + 7. Let f(p) = 16*p + 87. Let y(b) = -8*b - 43. Let j(k) = 4*f(k) + 9*y(k). Let d be j(-6). Calculate l(d).
-2
Let k(b) = 29*b - 20. Let x(f) = -25*f + 16. Let o(i) = 6*k(i) + 7*x(i). What is o(3)?
-11
Let u(i) = -4*i - 47. Let k(n) be the third derivative of -n**4/8 - 5*n**3 + 28*n**2 - 3. Let y(s) = 8*k(s) - 5*u(s). What is y(-6)?
19
Let i(p) be the second derivative of p**4/6 - 139*p**2 - 2*p + 6803. Calculate i(12).
10
Let o(s) = 9*s**2 - 14*s**2 + 2 - 6*s + 6*s**2. Let m = 66 + -40. Let y = -22 + m. Give o(y).
-6
Let c(g) be the second derivative of -g**6/720 + g**5/60 + 23*g**4/6 - g**3/3 + 139*g. Let y(b) be the third derivative of c(b). Give y(-4).
6
Let o be -1630*(-1)/10*4. Let u(r) = -2 - 8*r**3 - o*r**2 + 7*r**3 + 654*r**2 + 0. Give u(1).
-1
Let s(r) = -r + 16. Let q be ((-231)/(-42))/(2/4). Let c(o) = -30*o + 17 - q*o**2 + 12*o**2 + 25. Let p be c(29). Give s(p).
3
Let x(z) be the third derivative of z**4/24 + z**3 + 2*z**2 - 1492. Suppose 12 = -3*i - i. Determine x(i).
3
Let c be (52 - 56)*(-3 - 28/8). Let z(h) = h**3 - 26*h**2 - 9*h + 231. Give z(c).
-3
Let i(g) = 17*g**2 - g + 8. Let p(q) = 21*q**2 - q + 10. Let v(w) = -5*i(w) + 4*p(w). Calculate v(-4).
-20
Let v(i) = -2*i + 16. Let q be v(7). Let k(h) = -h + 5*h**q + 4 - 5*h**3 + 6*h**3 + 4 - 2*h. Let y be (48/60*(-30)/4)/1. Determine k(y).
-10
Let l(i) = -12 + 23 - i - 16. Suppose 5*m + 29 = -3*v, -v - 4*m = 3*v + 28. What is l(v)?
-2
Let b(a) = -a**3 + 31*a + 35. Let v be b(-5). Let u(o) = -o**2 + 12*o - 32. Give u(v).
3
Let n(a) = -3*a + 10. Let p be (-36)/(-10) - 1/((-25)/10). Let z(k) = 2*k - 14. Let o(u) = p*z(u) + 3*n(u). Give o(0).
-26
Let t(s) = -s - 5. Let a be t(0). Let q(l) be the first derivative of 30 - 7*l - 3/2*l**2. Determine q(a).
8
Let q(f) = -3*f - 32*f**2 - 9*f - 12 + 80*f**2 - 47*f**2. Calculate q(13).
1
Let g(b) = b**3 + 15*b**2 - 39*b - 605. Let a be g(-15). Let v(i) = i**3 + 16*i**2 - 81*i - 22. Calculate v(a).
-2
Let m(y) = -6*y**2 + 29*y - 9. Let l(x) = -2*x**2 + 10*x - 3. Let d(a) = 17*l(a) - 6*m(a). Let s = -7040 + 7044. Give d(s).
19
Suppose 4*o - 5*k - 33 = -7, 8 = 3*o + 2*k. Let t(h) be the first derivative of 3*h**2 - 2*h - 649 - 5/3*h**3 + 1/4*h**4. Determine t(o).
6
Suppose 5*u + z - 3 = 2*u, -u = -5*z - 33. Let s(p) = -9*p + 27. Determine s(u).
0
Let z = -210 - -220. Let y(p) = -p**3 + 9*p**2 + 10*p. Determine y(z).
0
Let r = 24 + -16. Let p be (3 - (-2 + 4))/(-21 + 22). Let u(b) = -5*b - 8. Let m(f) = -f - 1. Let d(x) = p*u(x) - 6*m(x). Give d(r).
6
Let t(h) = -2*h**3 - 3*h**2 - h + 4. Let j be t(-3). Suppose 3*a + j = 40. Suppose w + 3*b = -10, b = w - a*b - 8. Let z(p) = 12*p + 1. Determine z(w).
-11
Let u(h) = 7*h**2 + 15*h - 79. Let d(j) = -22*j**2 - 48*j + 240. Let a(v) = -6*d(v) - 19*u(v). What is a(10)?
-9
Let q(n) = n**2 - 2*n - 3. Suppose 9*h - 4283 = -4319. Determine q(h).
21
Let h(m) be the first derivative of -3*m**4/4 + m**2/2 + 17*m + 569. Calculate h(0).
17
Let v(f) = -f + 13. Let l be (120/(-56))/((-45)/105). Determine v(l).
8
Let l(u) be the first derivative of -2*u**3/3 + 51*u**2/2 + 38*u - 4299. Give l(26).
12
Let j(c) be the second derivative of c**6/120 + c**5/20 - c**4/8 - c**3/2 + 12*c**2 + c - 16. Let q(u) be the first derivative of j(u). Give q(-3).
6
Suppose -10 - 5 = -5*d. Let t(v) = 15 + 0*v**2 + 6*v**2 + 2*v**3 - 3*v**d - v - 7*v**2. Give t(0).
15
Suppose 12*c - 123*c = 555. Let s(r) = -10*r + 18. Determine s(c).
68
Let n(h) = -7 - 8 + 54*h - 34*h + 6 - 2. Calculate n(2).
29
Let n(s) = s**3 - 6*s**2 - 7*s + 5. Suppose -19*k = -28*k - 24*k + 198. What is n(k)?
-37
Let p(n) = -n**2 - 6*n + 5. Let c be p(-6). Let s(w) be the third derivative of w**5/60 - w**4/6 - 7*w**3/6 + 139*w**2 + 4*w - 1. Give s(c).
-2
Let g(w) = -w**3 + 14*w**2 - 29*w + 4. Let o = 2366 - 2355. Calculate g(o).
48
Let k(s) = s + 10. Let u be 132 - (3 + (-25)/5). Let r = 141 - u. Calculate k(r).
17
Let f(d) = -19*d + 264. Let o(r) = 11*r - 152. Let k(c) = -4*f(c) - 7*o(c). Determine k(-12).
20
Let t(h) be the first derivative of -h**6/360 - 3*h**5/40 - 5*h**4/12 - 3*h**3 + h + 57. Let o(l) be the third derivative of t(l). Give o(-7).
4
Let a(i) = 142*i - 421. Suppose -96*x + 47 + 19 = -74*x. Calculate a(x).
5
Let j(l) = 2*l**2 - 1 - 3*l**2 + l**3 - 3. Let m(b) = 2*b + 26. Let a be (-3105)/243 - (-2)/(-9). Let i be m(a). Calculate j(i).
-4
Suppose -2*t = -i + 32 - 40, -5*t + 3*i + 21 = 0. Let z(p) be the first derivative of -2*p**2 + 0*p + 29 - 1/4*p**4 - 5/3*p**t. Determine z(-3).
-6
Let b be (-2)/(1/(-26)*4). Suppose -6*y = -55 + b. Let f(g) = g + g**3 + 0*g + 5*g**2 + 2 - y + g. What is f(-4)?
3
Suppose -3*d - 31 = -40, -4*d = -3*a + 240. Suppose -93*q = -a*q + 36. Let b(s) = s + 4. Ca